*x - 17. Suppose 0 = 14*b + 17*b + 1085. Let m be (16/(-20))/4 - 252/b. What is v(m)?
4
Let u(i) be the first derivative of -i**3/3 - 11*i**2/2 + 37*i - 408. Give u(-15).
-23
Let g = 1892 + -1887. Let v(p) = p**3 - 3*p**2 - 5*p - 3. What is v(g)?
22
Let w(a) = -a**3 + 12*a**2 + 15*a - 12. Let g be 10 - (-44)/(-4) - (-14 - 0/(-5)). What is w(g)?
14
Let y(u) be the second derivative of -u**4/6 + 5*u**3/2 + 55*u**2/2 - u + 10238. Determine y(-3).
-8
Let w(d) = 7 + 164*d - 163*d + 2 - 2 + d**2. Let o(x) = -x**3 - 13*x**2 - 39*x + 8. Let r be o(-8). Calculate w(r).
7
Let u(t) = -5*t - 7. Let g(r) = -61*r - 3. Let b be g(-1). Suppose 28 = -2*h + 5*f - b, -2*h - 104 = 4*f. Let n be (-19)/3 - (5 - h/(-9)). Determine u(n).
23
Let p = 67 - 72. Let b(j) = 0*j**2 + 5*j - 8*j - 28*j**3 - 3 + 4*j**2 + 29*j**3. Give b(p).
-13
Let f(m) be the first derivative of -9*m**2/2 + 52*m + 1441. Determine f(5).
7
Let o(i) be the first derivative of -i**3 + i**2/2 - 2*i - 1. Let h be 132/(-308) - -36*(-12)/(-126). Calculate o(h).
-26
Let q(n) = n**2 + 8*n - 18. Let f = 1955 - 2762. Let w = -817 - f. Determine q(w).
2
Let i(k) be the first derivative of -3*k - 1/3*k**3 + 24 + 5/2*k**2. Let b be ((-10)/(-4))/((-9)/(-18)). Calculate i(b).
-3
Let m = 11 + -21. Let t(n) = 20*n**2 - 9*n - 16. Let y(b) = 7*b**2 + b + 1. Let f(r) = -t(r) + 3*y(r). Give f(m).
-1
Let x(j) = j**2 + 3. Let q = 178 - 182. Let c be (7 - 7)*q/8. Calculate x(c).
3
Suppose -4*f + 5*f = 2*x - 143, 3*f - 2*x = -429. Let u = f + 145. Let y(z) = -5*z + 1. Calculate y(u).
-9
Let r(b) be the third derivative of -41/60*b**5 + 0*b + 0*b**4 - 1/6*b**3 + 78*b**2 + 0. Calculate r(-1).
-42
Let z(h) = -3*h - 222. Let p(m) = -m - 252. Let c(w) = -2*p(w) + 3*z(w). Give c(-22).
-8
Let b(p) = p + 6. Let z be -14 - (6 - 8)*4. Let v be (-7 - -8) + z + -3. Calculate b(v).
-2
Let w = 5053 - 5038. Let z(u) = -u**3 + 16*u**2 - 17*u + 18. Determine z(w).
-12
Let r(o) be the third derivative of 0 - 7/15*o**5 + 0*o**3 - 1/24*o**4 + 9*o**2 + 7*o. Determine r(-1).
-27
Suppose 7*i = 3*i - 32. Let s(k) = 3*k**2 + 7*k + 5. Let n be 24/(-10) - 4/(-10). Let j(m) = 16*m**2 + 34*m + 25. Let q(r) = n*j(r) + 11*s(r). Determine q(i).
-3
Let a(w) = -6*w + 8*w - 272 - 2*w + 322 + 8*w. What is a(-7)?
-6
Let r(u) be the third derivative of u**6/120 + 3*u**5/20 + 11*u**4/24 + 5*u**3/6 + 3*u**2 - 6*u - 15. Determine r(-4).
41
Let z(k) be the first derivative of -2*k - 1/3*k**3 + 103 - k**2. Give z(4).
-26
Suppose -174*z - 24 = -186*z. Let o be (-1904)/(-504) - z/(-9). Let i(u) = -2*u + 4. Calculate i(o).
-4
Let o(m) = -m**2 + 7*m + 2. Let w = 6598 - 6587. Give o(w).
-42
Let t(l) = 7*l**2 - 74*l + 54. Let s be t(10). Let f(n) = -24*n + 337. Calculate f(s).
1
Let l(i) = -4*i**3 + i**2 + 3*i + 2. Let c(y) = 1279*y + y**2 + 37 + 18 - 1294*y. Let h be c(7). Determine l(h).
4
Let p = 223/84 - 18/7. Let q(s) be the third derivative of 1/6*s**3 - 1/120*s**6 - 14*s**2 + p*s**4 + 0 - 1/30*s**5 + 0*s. What is q(-3)?
4
Let d(v) = -16 + 23*v - 2*v + 3*v. Let h be d(6). Let u = h - 125. Let w(l) = l**3 - l**2 - 3*l - 2. What is w(u)?
7
Let m = -981 - -938. Let u(g) = -g**2 - 42*g + 45. Calculate u(m).
2
Let a(k) = 8*k**2 + 15*k + 7. Let w(t) = 7*t**2 + 14*t + 9. Let m(x) = -6*a(x) + 7*w(x). What is m(-5)?
6
Let l(r) = r**2 + 9. Let v(i) = i + 1. Let k(g) = l(g) - 5*v(g). Let b(q) = -6*q + 20. Let h be b(17). Let n = 86 + h. What is k(n)?
0
Suppose -4*p + 1 = 3*u - 0, 2*u = 4*p - 26. Suppose 5 = -p*n + 17. Let l(m) be the second derivative of m**4/12 - 2*m**3/3 + 59*m. Calculate l(n).
-3
Let y(p) = p**3 + 7*p**2 + 6*p. Let z(i) = i**3 + 10*i**2 + 15*i - 6. Let v be z(-6). Suppose -32*u - v = -30*u. Let k be (-12)/(-10)*4/u*20. What is y(k)?
24
Let s(p) = 8*p + 6. Let i be s(-1). Let x be (27 + -26)/((-1)/i + -1). Let w(h) = h**3 + 3*h**2 - 2*h. Calculate w(x).
8
Let x(j) = j - 1. Let r = 293 + -243. Suppose -33*q = -r*q. What is x(q)?
-1
Let q(r) = 266*r**2 + 12*r**3 + 99 - 96 - 266*r**2 - 2*r. Determine q(1).
13
Suppose -2*o + 10 = l, -3*o + 5 = -2*o - 2*l. Suppose 703 - 2261 = -38*n. Let a(b) = -2 - n*b + 40*b - 2. Calculate a(o).
-9
Let h(y) be the second derivative of -y**2 + 16*y. Let x(n) = 2*n - 4. Let g(v) = 5*h(v) - 2*x(v). Suppose -l - 2 = -0. Give g(l).
6
Let b(u) = -u**3 - 6*u**2 + 5*u + 56. Suppose 261 - 120 = -57*j - 144. Give b(j).
6
Let l(n) = -8*n - n + 5*n - 16*n - 6*n + n**2 + 109. Calculate l(21).
4
Suppose -18*f + 130 = 8*f - 0*f. Let q be (-4)/14 - 12/7. Let z be (-12)/(-30)*q*f/2. Let l(h) = -h**3 + h**2 + 3*h + 1. Determine l(z).
7
Let s(q) = -30*q + 242. Let b be s(8). Let t(i) = -b*i + 0 - 6 + 10*i**3 + 2*i**2 + 2 + 2 + 3. Let z be 0 - 2*1/(-2). Determine t(z).
11
Let u(y) = y**2 + 208*y + 10556. Let c be u(-88). Let p(a) = -5*a. Let b(x) = -x + 1. Let s(v) = -2*b(v) + p(v). What is s(c)?
10
Let z(l) = -l**2 + 5*l - 6. Let m(x) = -x**2 + 6*x - 6. Let a(g) = -7*m(g) + 8*z(g). Calculate a(-6).
-30
Let p(t) = 2*t**3 - 6*t**2 + 119*t - 350. Let s be p(3). Let q(h) = h**3 - 5*h**2 - 9*h - 39. Give q(s).
-4
Let m(v) = 2*v**3 + 12*v**2 + 6*v + 13. Let o be ((-1 - 2) + -9)/(12 - 10). Determine m(o).
-23
Suppose 56 + 4 = 5*j. Let o(i) = -3*i - j - i**2 + 5*i - 3*i + 10*i. Let q(s) = 4*s - 12. Let f be q(5). Calculate o(f).
-4
Let r(t) = -7 + 4*t + 6670*t**2 + 6 - 6668*t**2 + 2*t + 5*t. Calculate r(-6).
5
Let z(p) = 12*p**2 - p. Let b be z(-1). Let i = b + -4. Suppose -5 = 2*r - i. Let v(m) = 3*m**2 - 1. Give v(r).
11
Let l = -488 + 492. Let c(y) = y**2 + 7*y + 2. Let a be c(-7). Let w(m) = 4 + 2 - l + 1 + a*m. Determine w(3).
9
Let c(j) = -3*j**2 - 2*j - 551 + j**3 + 1104 - 547. Suppose -4*w + w + 9 = 0. Give c(w).
0
Let c(h) = 78*h + 154. Let f(m) = -12*m - 24. Let n(a) = -5*c(a) - 32*f(a). Let i be 0/(0 - (-2)/(-1)). Suppose i = 3*b - b + 4. Calculate n(b).
10
Let x(u) = 56*u + 294. Let k(q) = 19*q + 107. Let o(r) = 11*k(r) - 4*x(r). Let i = -12 - -13. What is o(i)?
-14
Let g(s) = 3*s - 41. Let z = 54 - 39. What is g(z)?
4
Let f(c) = -19*c**3 + 17*c**2 - 34*c - 76. Let l(k) = 54*k**3 - 52*k**2 + 103*k + 222. Let t(d) = 17*f(d) + 6*l(d). Determine t(21).
-2
Let l(m) = -m**3 + 8*m**2 + 17*m + 28. Suppose -5*a + 4*a + 10 = 0. Let d be l(a). Let c(t) = -7*t**2 - 2*t - 2. Give c(d).
-26
Let y(d) = -97 + 11*d - 39*d**2 + 99 - 49*d**2 + d**3 + 73*d**2. Give y(14).
-40
Let a(t) = t - 7. Let l(z) = z - 6. Let g(n) = -3*a(n) + 2*l(n). Let d = 82484 - 82473. Calculate g(d).
-2
Let j(z) = 13*z + 1. Let s(a) = -a + 1. Suppose -5*d - 19 = -v, -d = v - 0 + 5. Let t be s(v). Suppose 8*i = 10*i + t. Determine j(i).
-12
Let o(w) = 5*w - 16. Let g be o(5). Let q(l) = 3 + g - 12 - l. Let c = 8 + -11. What is q(c)?
3
Let m(i) = 38*i - 1952. Let f be m(51). Let n(t) = 2*t**2 + 24*t - 21. Calculate n(f).
35
Let p be (-40)/50 + 12/(-10). Let d(l) = 21*l + 46. Give d(p).
4
Let n(l) = l + 10. Suppose 7*g = -2*a + 2*g - 6, a + 2 = -2*g. Let s be a + (-63 + 2)*-1. Let p = -56 + s. Determine n(p).
17
Let w(l) = -l**2 - 15*l - 25. Let n = -838 + 1580. Let c = n - 756. Calculate w(c).
-11
Let h be (-5)/(-15) + 10/6. Let c(t) = 158*t**h - 159*t**2 - t + 6 + 6. Give c(-4).
0
Let t be -15*1*(-6 + (-24)/(-40)). Let v be -3*3*(-3)/(t/(-6)). Let i(k) = -k**3 - 3*k**2 - k - 1. Calculate i(v).
-3
Let q(y) be the second derivative of y**3/6 + 6*y**2 - 672*y - 2. Give q(-11).
1
Let o(n) = -4*n + 16 - 8694*n**2 - n**3 + 14*n + 8702*n**2. What is o(9)?
25
Let i = 65 + -64. Suppose 2*q + 3*c = -i, -5*q - 3*c - 25 + 0 = 0. Let g be 2*(-3 - 1)/q. Let j(k) = -4*k**2 + k - 1. Give j(g).
-4
Let i(a) = 5*a**2 + 115*a + 5. Let d be i(-23). Let p(g) be the third derivative of g**4/24 + 2*g**3/3 + 62*g**2. Calculate p(d).
9
Let x = -617062 + 617075. Let l(y) = 3*y**3 + 24*y**2 + 19*y + 34. Let a(o) = -o**3 - 12*o**2 - 10*o - 17. Let v(h) = 5*a(h) + 2*l(h). Give v(x).
-4
Let a(y) = 10 - y - 9 + 5. Let t(x) = x**3 + 7*x**2 + 5*x + 3. Let p be t(-3). Suppose -5*d + d = 0, -4*n + d = -p. Calculate a(n).
0
Let m be (-1 + 2)*-2 - 7*-1. Let f(l) = 9*l + 1. Let a(h) be the second derivative of -2*h**3/3 - h**2/2 + 2*h. Let x(o) = m*a(o) + 2*f(o). What is x(-6)?
9
Let s(c) be the third derivative of -c**4/4 + 23*c**3/6 - 925*c**2. Give s(10).
-37
Let b(q) = 9*q**2 + q + 2. Let h(k) = 19*k**2 + 15*